384*q + 12927. What is y(-31)?
62
Let h(w) = 164*w + 8360. What is h(-71)?
-3284
Let x(c) = -1222*c + 11326. Determine x(7).
2772
Let o(j) = 13529*j - 27937388. Give o(2065).
-3
Let d(g) = -226*g + 8213. Calculate d(26).
2337
Let i(h) = -h**3 - 609*h**2 - 11184*h + 15340. Calculate i(-590).
0
Let f(g) = 37434*g - 13813141. Calculate f(369).
5
Let j(x) = -6*x**2 + 1433*x + 6100. Determine j(244).
-1464
Let p(o) = -75*o**2 + 4165*o + 38112. Give p(-8).
-8
Let p(l) = -l**3 - 41*l**2 + 179*l - 138. Calculate p(-45).
-93
Let z(l) = 4*l - 760. Calculate z(199).
36
Let z(o) = 6505*o - 26040. What is z(4)?
-20
Let o(p) = p**2 + 12385*p + 123745. Give o(-10).
-5
Let b(j) = -30*j**2 + 111*j - 85. Determine b(1).
-4
Let h(j) = 70*j**2 + 1864*j + 6984. Give h(-4).
648
Let k(t) = -102*t - 847. Calculate k(0).
-847
Let k(p) = 62999*p + 440991. Give k(-7).
-2
Let d(r) = -572*r - 114372. Calculate d(-200).
28
Let z(r) = -7*r**3 - 10*r**2 + 75*r - 70. Determine z(2).
-16
Let m(h) = -5*h**3 + 119*h**2 + 2025*h - 47935. Determine m(24).
89
Let z(k) = 271*k**2 - 89*k - 108. Calculate z(0).
-108
Let n(c) = -c**3 + 59*c**2 + 109*c + 781. Determine n(61).
-12
Let b(u) = 86*u - 5699. Calculate b(15).
-4409
Let v(g) = 11665*g - 55320. What is v(5)?
3005
Let n(f) = f**2 - 7094*f + 148763. What is n(21)?
230
Let p(c) = 60*c**2 - 168*c + 10. Determine p(-2).
586
Let v(o) = o**2 + 1686*o - 393948. What is v(208)?
4
Let g(j) = -j**3 + 9*j**2 - 1222*j - 6484. Calculate g(-5).
-24
Let i(f) = -160*f**2 - 3860*f + 11570. Determine i(3).
-1450
Let b(u) = -5*u**2 + 3255*u + 16265. Give b(-5).
-135
Let t(q) = 48*q**2 + 59249*q + 20952. Determine t(-1234).
-26
Let j(u) = 4*u**3 + 192*u**2 - 3*u - 32. What is j(-48)?
112
Let a(g) = -1617*g - 6050. Calculate a(-3).
-1199
Let r(h) = h**3 - 34*h**2 + 154*h - 82. What is r(25)?
-1857
Let s(m) = -2*m**3 + 217*m**2 - 5841*m + 482. Give s(49).
-8
Let c(t) = -204*t - 13604. What is c(-70)?
676
Let f(r) = -4035*r**2 + 52234*r + 2878. What is f(13)?
5
Let p(i) = 3*i**2 + 295*i - 4847. Calculate p(-114).
511
Let w(r) = -4403*r - 74876. Determine w(-17).
-25
Let l(c) = -1602*c - 8004. Calculate l(-5).
6
Let f(v) = -801370*v + 18431502. Determine f(23).
-8
Let d(g) = 31*g - 563. Calculate d(74).
1731
Let k(w) = 35127*w + 456656. Calculate k(-13).
5
Let l(x) = -209*x + 35805. What is l(183)?
-2442
Let m(j) = j**2 - 2423*j + 598184. Determine m(279).
8
Let l(c) = -6*c**2 + 30186*c + 90568. What is l(-3)?
-44
Let m(d) = -d**3 + 988*d**2 - 24074*d - 943. What is m(963)?
20
Let w(u) = 748*u - 21875. Determine w(26).
-2427
Let g(x) = -x**3 + 56*x**2 + 1911*x - 35. Calculate g(-24).
181
Let p(x) = 3*x**3 - 3*x**2 + 1855*x - 1855. Determine p(1).
0
Let y(m) = 18*m**2 + 2386*m - 5939. Determine y(-135).
1
Let d(h) = -3076*h + 3670. What is d(0)?
3670
Let n(w) = 52875*w - 158586. Give n(3).
39
Let z(u) = -58242*u - 815395. Calculate z(-14).
-7
Let q(o) = 3*o**2 - 120*o - 6927. What is q(-32)?
-15
Let r(n) = 2*n**2 - 334*n + 10478. What is r(126)?
146
Let t(w) = -w**3 - 271*w**2 + 1379*w - 2. Determine t(5).
-7
Let t(x) = 7*x**2 - 4404*x + 685280. Give t(282).
20
Let n(m) = -51518*m - 257551. Give n(-5).
39
Let t(a) = -50298*a + 62470116. Give t(1242).
0
Let b(y) = 496*y + 35522. Give b(-72).
-190
Let d(k) = 2108*k - 2584. Give d(1).
-476
Let l(y) = -769*y + 22972. Determine l(30).
-98
Let g(r) = -11*r**2 + 2603*r + 921. What is g(237)?
-27
Let q(i) = i**2 + 12518*i - 7350926. What is q(562)?
34
Let g(n) = -4*n**2 + 378*n + 2444. Calculate g(-6).
32
Let n(m) = 4983*m - 3348495. Calculate n(672).
81
Let r(h) = -h**2 + 729*h + 5131. Give r(-7).
-21
Let o(d) = 3*d**3 + 77*d**2 - 178*d + 94. Calculate o(-28).
-410
Let z(u) = -u**3 - 214*u**2 - 401*u + 4855. Calculate z(-212).
-21
Let c(a) = -70868*a - 13606665. Determine c(-192).
-9
Let w(z) = z**2 - 4454*z - 58046. What is w(-13)?
25
Let o(j) = 148*j - 13033. What is o(89)?
139
Let w(g) = 458940*g + 5507274. Calculate w(-12).
-6
Let q(v) = v**3 + 917*v**2 - 51420*v + 532. What is q(53)?
2
Let r(j) = -1467*j + 124618. Give r(85).
-77
Let a(g) = -1152*g - 24191. Give a(-21).
1
Let h(b) = -b**3 - 71*b**2 + 2755*b - 1696. Determine h(-99).
-13
Let z(u) = -180367*u + 4328803. Calculate z(24).
-5
Let d(f) = -5*f**3 - 34*f**2 - 40. Determine d(-7).
9
Let h(l) = l**3 + 307*l**2 + 4383*l - 21. What is h(-15)?
-66
Let v(z) = 93*z**2 - 1674*z + 11. Calculate v(18).
11
Let t(j) = 717*j + 7908. Give t(-11).
21
Let c(i) = -16*i**3 + 91*i**2 + 9*i + 89. Determine c(4).
557
Let b(n) = 468279*n - 18. Give b(0).
-18
Let k(d) = 2*d**3 + 1561*d**2 - 13415*d - 1623. Determine k(-789).
-45
Let u(l) = l**3 + 10*l**2 + 9*l - 25. What is u(-6)?
65
Let w(l) = 13*l**2 + 267*l + 1336. Give w(-12).
4
Let g(l) = 190*l + 17537. Give g(-98).
-1083
Let w(n) = 381*n - 1813. Give w(4).
-289
Let f(l) = l**3 + 13*l**2 - 39*l - 178. Calculate f(-6).
308
Let g(x) = 20*x + 1078. Determine g(-31).
458
Let g(u) = 4*u**3 + 272*u**2 - 7*u - 372. Determine g(-68).
104
Let p(f) = f**2 - 2546*f + 53021. What is p(21)?
-4
Let n(f) = 2*f**3 + 4*f**2 - 203*f + 343. What is n(8)?
-1
Let r(m) = 317*m**2 + 4761*m - 5. Calculate r(-15).
-95
Let r(o) = 213*o - 10166. Give r(48).
58
Let n(l) = -3*l**3 - 75*l**2 + 1586*l - 2024. Give n(-39).
4
Let h(a) = -11*a**3 - a**2 - 340*a + 1377. What is h(4)?
-703
Let r(i) = 3*i**2 - 49897*i - 99807. What is r(-2)?
-1
Let i(t) = -3*t**3 + 8*t**2 + 145*t + 545. Give i(-4).
285
Let t(y) = -482*y**2 + 184*y - 412. What is t(2)?
-1972
Let v(n) = n**3 - 395*n**2 + 393*n + 413. Calculate v(394).
19
Let i(s) = 15*s**2 + 682*s + 725. Give i(-44).
-243
Let z(c) = -2*c**2 - 573*c - 30771. What is z(-71)?
-170
Let n(x) = x**3 + 246*x**2 - 1552*x - 1536. Determine n(7).
-3
Let s(z) = -4*z**2 + 103*z - 1823. Determine s(26).
-1849
Let c(l) = 45*l**2 - 579*l - 8940. Determine c(-9).
-84
Let s(m) = -23354*m + 420401. Calculate s(18).
29
Let f(t) = 8078*t - 314926. What is f(39)?
116
Let i(f) = -f**3 + 23*f**2 - 18*f - 484. What is i(-4)?
20
Let i(l) = l**3 - 40*l**2 + 465*l - 16630. Calculate i(39).
-16
Let y(z) = 2*z**2 - 2592*z + 30817. Calculate y(12).
1
Let k(z) = z**3 + 896*z - 1797. What is k(2)?
3
Let g(f) = -2*f**2 + 33*f + 804. Calculate g(27).
237
Let p(t) = -t**2 - 48205*t - 385591. Calculate p(-8).
-15
Let h(f) = -464*f + 90514. What is h(194)?
498
Let w(y) = 2873*y - 2867. Determine w(1).
6
Let m(v) = -15*v**3 - 98*v**2 - 7*v + 75. Determine m(-6).
-171
Let l(i) = 17*i**2 - 217*i - 64. What is l(13)?
-12
Let a(f) = -f**3 - 71*f**2 - 91*f - 1348. Calculate a(-70).
122
Let f(g) = 29424*g - 235493. Determine f(8).
-101
Let j(f) = 14907*f - 357781. Calculate j(24).
-13
Let f(p) = -13*p**2 + 95*p + 243. What is f(-3)?
-159
Let w(u) = 288*u**2 - 429*u + 21. Determine w(2).
315
Let i(m) = -3926*m - 47072. What is i(-12)?
40
Let v(k) = -19287*k - 7059049. Calculate v(-366).
-7
Let n(q) = -40401*q + 14180733. Give n(351).
-18
Let k(j) = -56*j**3 - 4*j**2 + 6561*j + 13119. Determine k(-2).
429
Let s(x) = -2362*x + 718030. Give s(304).
-18
Let b(s) = -1501*s + 127598. Calculate b(85).
13
Let j(r) = -r**2 - 24894*r + 199219. Determine j(8).
3
Let r(w) = -77*w - 5043. Give r(4).
-5351
Let f(p) = -8*p**3 + 121*p**2 + 400*p + 139. Give f(18).
-113
Let o(i) = 4*i**3 + 478*i**2 - 3551*i + 64. Calculate o(7).
1
Let m(c) = 20*c**3 - 7*c**2 + 33*c + 234. Determine m(-4).
-1290
Let r(w) = -419*w + 23027. What is r(55)?
-18
Let n(v) = 1994*v - 217342. Determine n(109).
4
Let k(u) = u**3 + 41*u**2 - 5473. What is k(-37)?
3
Let s(r) = 5*r**2 - 536*r - 5266. What is s(-9)?
-37
Let j(d) = -65064*d + 130125. Determine j(2).
-3
Let u(d) = 35*d**3 - 11*d**2 - 35*d + 94. What is u(3)?
835
Let j(t) = -t**3 + 65*t**2 - 360*t + 63. Determine j(59).
-291
Let g(q) = -q**2 + 6079*q + 467771. Calculate g(-76).
-9
Let a(q) = 2*q**3 + 48*q**2 - 32*q + 450. Give a(-25).
0
Let r(u) = -85125*u - 170263. Give r(-2).
-13
Let g(k) = 10385*k + 84491. Give g(-8).
1411
Let u(j) = 2*j**3 - 49*j**2 + 61*j + 42. Determine u(23).
-142
Let w(z) = -z**2 - 32858*z - 1214452. Calculate w(-37).
-75
Let n(r) = -4*r**2 - 68*r - 225. What is n(-11)?
39
Let j(c) = -76*c**2 - 273*c - 117. What is j(-3)?
18
Let v(q) = 4*q**3 + 861*q**2 - 623*q + 515. Give v(-216).
-4885
Let v(w) = -